n 245 is divided by 37?
23
What is the remainder when 1309 is divided by 1300?
9
Calculate the remainder when 961 is divided by 195.
181
What is the remainder when 33 is divided by 6?
3
What is the remainder when 3330 is divided by 224?
194
What is the remainder when 1228 is divided by 41?
39
Calculate the remainder when 23937 is divided by 15.
12
Calculate the remainder when 370 is divided by 14.
6
What is the remainder when 207 is divided by 11?
9
What is the remainder when 12951 is divided by 34?
31
Calculate the remainder when 66 is divided by 21.
3
What is the remainder when 1509 is divided by 6?
3
Calculate the remainder when 165 is divided by 30.
15
What is the remainder when 541 is divided by 118?
69
Calculate the remainder when 19233 is divided by 229.
226
Calculate the remainder when 3747 is divided by 178.
9
What is the remainder when 242 is divided by 27?
26
Calculate the remainder when 539 is divided by 134.
3
What is the remainder when 582 is divided by 33?
21
What is the remainder when 329 is divided by 66?
65
What is the remainder when 226 is divided by 19?
17
Calculate the remainder when 82 is divided by 19.
6
Calculate the remainder when 96 is divided by 8.
0
Calculate the remainder when 178 is divided by 91.
87
Calculate the remainder when 828 is divided by 228.
144
Calculate the remainder when 428 is divided by 36.
32
What is the remainder when 3463 is divided by 21?
19
What is the remainder when 2725 is divided by 14?
9
What is the remainder when 85 is divided by 13?
7
What is the remainder when 411 is divided by 26?
21
What is the remainder when 418 is divided by 28?
26
What is the remainder when 1503 is divided by 18?
9
What is the remainder when 270 is divided by 13?
10
What is the remainder when 60 is divided by 16?
12
What is the remainder when 3965 is divided by 147?
143
Calculate the remainder when 1223 is divided by 62.
45
Calculate the remainder when 822 is divided by 140.
122
Calculate the remainder when 1277 is divided by 102.
53
What is the remainder when 861 is divided by 37?
10
What is the remainder when 151 is divided by 52?
47
What is the remainder when 4228 is divided by 11?
4
What is the remainder when 2137 is divided by 709?
10
What is the remainder when 22 is divided by 4?
2
What is the remainder when 387 is divided by 53?
16
What is the remainder when 6069 is divided by 66?
63
What is the remainder when 13 is divided by 9?
4
Calculate the remainder when 97 is divided by 45.
7
What is the remainder when 1471 is divided by 92?
91
What is the remainder when 1384 is divided by 1349?
35
Calculate the remainder when 174 is divided by 50.
24
What is the remainder when 205 is divided by 38?
15
What is the remainder when 69 is divided by 37?
32
Calculate the remainder when 9637 is divided by 20.
17
Calculate the remainder when 1228 is divided by 153.
4
Calculate the remainder when 212 is divided by 71.
70
What is the remainder when 385 is divided by 112?
49
What is the remainder when 230 is divided by 168?
62
Calculate the remainder when 1294 is divided by 540.
214
What is the remainder when 32 is divided by 17?
15
Calculate the remainder when 4177 is divided by 21.
19
Calculate the remainder when 4040 is divided by 86.
84
What is the remainder when 292 is divided by 13?
6
What is the remainder when 924 is divided by 64?
28
Calculate the remainder when 342 is divided by 49.
48
What is the remainder when 158 is divided by 28?
18
What is the remainder when 303 is divided by 150?
3
What is the remainder when 1137 is divided by 12?
9
Calculate the remainder when 14855 is divided by 23.
20
Calculate the remainder when 246 is divided by 59.
10
Calculate the remainder when 2377 is divided by 68.
65
Calculate the remainder when 214 is divided by 7.
4
What is the remainder when 155 is divided by 41?
32
What is the remainder when 93 is divided by 69?
24
What is the remainder when 194 is divided by 3?
2
Calculate the remainder when 3934 is divided by 24.
22
Calculate the remainder when 214 is divided by 20.
14
What is the remainder when 90 is divided by 75?
15
Calculate the remainder when 367 is divided by 74.
71
What is the remainder when 1333 is divided by 102?
7
Calculate the remainder when 207 is divided by 31.
21
Calculate the remainder when 221 is divided by 31.
4
What is the remainder when 1084 is divided by 16?
12
Calculate the remainder when 281 is divided by 16.
9
What is the remainder when 133 is divided by 54?
25
What is the remainder when 79 is divided by 7?
2
Calculate the remainder when 258 is divided by 51.
3
What is the remainder when 247 is divided by 244?
3
What is the remainder when 1289 is divided by 423?
20
What is the remainder when 86 is divided by 72?
14
Calculate the remainder when 1560 is divided by 49.
41
What is the remainder when 31 is divided by 11?
9
What is the remainder when 499 is divided by 127?
118
What is the remainder when 1347 is divided by 141?
78
What is the remainder when 480 is divided by 44?
40
Calculate the remainder when 107 is divided by 7.
2
Calculate the remainder when 6865 is divided by 109.
107
Calculate the remainder when 1169 is divided by 18.
17
What is the remainder when 373 is divided by 94?
91
Calculate the remainder when 275 is divided by 93.
89
What is the remainder when 200 is divided by 25?
0
Calculate the remainder when 2718 is divided by 52.
14
Calculate the remainder when 155 is divided by 50.
5
What is the remainder when 373 is divided by 358?
15
What is the remainder when 88 is divided by 24?
16
Calculate the remainder when 1476 is divided by 186.
174
What is the remainder when 1187 is divided by 285?
47
What is the remainder when 347 is divided by 61?
42
Calculate the remainder when 17039 is divided by 12.
11
What is the remainder when 5908 is divided by 269?
259
What is the remainder when 482 is divided by 44?
42
Calculate the remainder when 382 is divided by 55.
52
Calculate the remainder when 836 is divided by 35.
31
What is the remainder when 256 is divided by 92?
72
Calculate the remainder when 503 is divided by 28.
27
Calculate the remainder when 22659 is divided by 515.
514
What is the remainder when 4409 is divided by 4?
1
What is the remainder when 1650 is divided by 23?
17
What is the remainder when 1397 is divided by 56?
53
What is the remainder when 159 is divided by 31?
4
Calculate the remainder when 49712 is divided by 134.
132
What is the remainder when 606 is divided by 96?
30
Calculate the remainder when 3033 is divided by 152.
145
What is the remainder when 1000 is divided by 498?
4
Calculate the remainder when 49 is divided by 24.
1
What is the remainder when 1119 is divided by 164?
135
What is the remainder when 4960 is divided by 121?
120
Calculate the remainder when 716 is divided by 80.
76
What is the remainder when 816 is divided by 133?
18
Calculate the remainder when 2341 is divided by 149.
106
What is the remainder when 185 is divided by 69?
47
Calculate the remainder when 627 is divided by 30.
27
What is the remainder when 492 is divided by 15?
12
Calculate the remainder when 42 is divided by 11.
9
What is the remainder when 44 is divided by 5?
4
What is the remainder when 290 is divided by 30?
20
What is the remainder when 265 is divided by 18?
13
Calculate the remainder when 361 is divided by 54.
37
Calculate the remainder when 341 is divided by 163.
15
What is the remainder when 78 is divided by 27?
24
What is the remainder when 318 is divided by 167?
151
Calculate the remainder when 2084 is divided by 685.
29
Calculate the remainder when 216 is divided by 22.
18
What is the remainder when 2093 is divided by 210?
203
What is the remainder when 274 is divided by 46?
44
Calculate the remainder when 107 is divided by 80.
27
Calculate the remainder when 429 is divided by 85.
4
What is the remainder when 4237 is divided by 16?
13
Calculate the remainder when 183 is divided by 23.
22
Calculate the remainder when 39 is divided by 8.
7
What is the remainder when 1237 is divided by 246?
7
What is the remainder when 52 is divided by 34?
18
Calculate the remainder when 309 is divided by 15.
9
Calculate the remainder when 42 is divided by 2.
0
Calculate the remainder when 1972 is divided by 220.
212
What is the remainder when 2017 